ds digit of (5 - 10 - 3) + 46816?
6
Let x(l) = -13*l + 11. Let n be x(4). Let f = 46 + n. Let i(p) = 4*p + 35. What is the units digit of i(f)?
5
Let x(y) = -8*y**2 - y**3 + 32 - 8*y**2 + 0 - 11*y + y**2. Let a be x(-14). Let k = a - -50. What is the units digit of k?
0
Suppose -12*y + 15*y + 63 = 0. Let k = -19 - y. What is the units digit of (-6)/(k + 1) + 16?
4
Suppose -2*v = s - 603, -2*s - 2*s + 2412 = 5*v. Suppose -137 = p - s. What is the hundreds digit of p?
4
Let u = -389 + 385. Let a(c) = c**2 - c - 7. Let y(z) = -2*z**2 + 2*z + 14. Let t(g) = 9*a(g) + 4*y(g). What is the tens digit of t(u)?
1
Let m = 15815 + -2760. What is the tens digit of m?
5
Let o(c) = -c + 2*c + 6 + 3*c + c**2 - c. Let l be o(-5). Suppose l = -s + 61. What is the units digit of s?
5
Suppose -364 + 88 = -4*b + 3*k, 5*b - 5*k - 340 = 0. Suppose 0*q - b = 3*q. Let c = 14 - q. What is the tens digit of c?
3
Let u = -6633 - -9790. What is the units digit of u?
7
Let k(a) = 16*a + 91. Let b be k(-6). What is the tens digit of 41492/20 - 2/b?
7
Let p(j) = -40*j - 45. Let z be p(5). Let h = z + 345. What is the tens digit of h?
0
Suppose -24*r - 174 = -246. Let a be (260/4)/((-2)/(-14)). Suppose -5*m + 277 = r*b, 5*b - a = -5*m - 0*m. What is the units digit of b?
9
Let d = 530 - 527. Suppose 0 = 5*w + d*s - 3098, -4*w + 5*s + 2473 = 2*s. What is the hundreds digit of w?
6
What is the ten thousands digit of 10/45 + (-2 - 7260)*(-67)/18?
2
Suppose 2*h + 1533 = -3*f, -2041 = 3*h + 3*f + 263. Let k = -487 - h. What is the units digit of k?
4
Let k = 55 - 49. Suppose k*r - 4*r + 6 = 0. What is the units digit of r + (-5)/(10/(-8))?
1
Let t be (6/9)/(357844/59640 + -6). Suppose -t - 7462 = -14*c. What is the hundreds digit of c?
2
Let t = -3582 + 2019. Let h = 2627 + t. What is the hundreds digit of h?
0
Suppose 26545 + 28910 = -5*k. What is the hundreds digit of (-6)/(-27) + k/81*-3?
4
Suppose 71205 = 5*c + 2*k, 44*c + 2*k + 14253 = 45*c. What is the ten thousands digit of c?
1
Let v be (396/(-21))/((-10)/105). What is the units digit of 52/6*v/12*8?
4
Suppose 1856 - 40 = -8*h. Let d = 187 - h. What is the tens digit of d?
1
Suppose -15 = -9*v + 12. Suppose -5*q = -8*q + 5*w + 38, 0 = 4*q - v*w - 58. What is the tens digit of (388/(-1))/(q + -18)?
9
Let v(n) = 479*n + 3759. What is the hundreds digit of v(7)?
1
What is the tens digit of -14*(-1825931)/1302 - (-2)/(-3)?
3
Suppose 243011 = -37*b + 1484780 + 74839. What is the tens digit of b?
8
Suppose 4*l = -74 + 2. Let k(t) = t - 11. Let w(i) = -i + 1. Let d(s) = 2*k(s) + 5*w(s). What is the units digit of d(l)?
7
Let f(n) be the third derivative of -11*n**6/24 - n**5/20 + 7*n**4/24 + 4*n**3/3 + 156*n**2. What is the hundreds digit of f(-3)?
4
Suppose 3*l - 13*r = -18*r + 112, 3*r - 6 = 0. Suppose -5*b = 2*c - 4975, 3*b - 31*c + l*c = 2985. What is the hundreds digit of b?
9
Let k = -514 - -1490. What is the hundreds digit of (k/(-10) + -2)*(-15)/2?
7
Suppose 48*r - 10016788 + 2330980 = -291*r. What is the thousands digit of r?
2
Let h = 19846 + -12684. What is the hundreds digit of h?
1
Let i = 241 + 209. Let t = -1 - -4. Suppose -129 = t*x - i. What is the hundreds digit of x?
1
Suppose -2*h = 3*u - 18378, -30*u + 27*u + 18378 = 3*h. What is the thousands digit of u?
6
Let f(h) = -h**3 + 5*h**2 + 19*h - 14. Suppose 41*p - 42*p - 6 = 0. What is the hundreds digit of f(p)?
2
Let y(w) = 12*w + 54. Suppose 0 = -4*c - m + 84, -7*c + 5*c + 2*m = -32. Let z be y(c). Let o = -186 + z. What is the tens digit of o?
0
Suppose y + y + 5*k - 496 = 0, 0 = 4*y - 5*k - 932. Let r = y + -115. What is the units digit of r?
3
Let l = -1960 + 7044. Let c = l + -2726. What is the units digit of (-2)/(-10) + (-2)/((-20)/c)?
6
Let k = 2090 - -5597. What is the thousands digit of k?
7
Suppose 13 = -3*h - 5*o, -5*o = -h - 4*o + 9. Suppose h*z = 1 + 35. What is the units digit of (-16)/(-72) + 151/z - -2?
9
Let h(i) = i**3 - 13*i**2 + i - 11. Let q be h(13). Let j be (q - 20/12)*0. Suppose -40*b + 43*b - 168 = j. What is the tens digit of b?
5
Let s = -9258 + 30731. What is the units digit of s?
3
Let g(p) = -p**3 + 34*p**2 - 232. What is the units digit of g(25)?
3
Let b = -417 + 456. What is the tens digit of ((-862)/(-10))/((b/(-45))/(-13))?
9
Let b(c) = -c**2 + 16*c + 25. Let d be b(14). Let u = -57 + d. What is the units digit of -4*(-100)/8 - u?
4
Let d = -12481 - -39206. What is the units digit of d?
5
Suppose -10174557 = -i - 125*i - 1085295. What is the tens digit of i?
3
Suppose 0 = 9*q + 16*q - 24375. Let t = 1469 - q. What is the hundreds digit of t?
4
Let n(q) = -q + 12. Let i be n(12). Suppose k - 20 - 184 = i. Suppose -4*f + 0*f = -k. What is the units digit of f?
1
Suppose 2*x - 3*l + 4 = l, 0 = x + 3*l - 3. Suppose x = -k - 2*a - 131 + 25, 0 = a. Let m = k - -154. What is the tens digit of m?
4
Let m(a) = 25642*a - 143. Let u be m(2). Suppose 6516 = -25*l + u. What is the hundreds digit of l?
7
Let h = 17744 + -15553. What is the tens digit of h?
9
Suppose 6*j = 9*j - 4*c - 181, 0 = -2*j - 4*c + 94. Suppose p - j = 19. What is the tens digit of p?
7
Suppose 2*k + l = -5, -6*l + 1 = -7*l. Let u(c) = 429*c**2 + 2*c + 9. What is the hundreds digit of u(k)?
7
Let j = -155 - -153. What is the hundreds digit of ((-5)/(-4))/(j/1920*-3)?
4
Let f be (-191)/1*(-3)/9*3. Let c = 350 - f. What is the units digit of c?
9
Let w be (-1)/(52/(-4464)) + (-2)/(-13). Suppose -87*o = -w*o - 5. Suppose 277 = 3*v + 4*a, -o*v - 106 + 525 = -4*a. What is the units digit of v?
7
Suppose -15848 = -31*x + 29*x. What is the thousands digit of x?
7
Let z(r) = 16*r - 270. Let d be z(17). Suppose 5*x - n - 2372 = 3*x, -3*n = -d*x + 2372. What is the units digit of x?
6
Let w(r) be the third derivative of -5/6*r**3 + 0 + 0*r - 3/20*r**5 - 1/120*r**6 - 1/12*r**4 + 12*r**2. What is the tens digit of w(-9)?
1
Let y = 187626 - 103923. What is the units digit of y?
3
Let n(m) = 12*m + 15. Suppose -9*w = -10 - 17. Suppose -4*x + 2*d = -52, w + 1 = x + 4*d. What is the hundreds digit of n(x)?
1
What is the units digit of 1469 + (5/80*-8)/(1/(-10))?
4
Suppose 0 = -8*w - 229 + 13. Let d be 6/w - (-595)/45. Suppose -d*n + 5*n = -224. What is the units digit of n?
8
Let l be (1 - (3 + 1) - -4)*-13. Let h(k) = -10*k - 54. What is the tens digit of h(l)?
7
Let b(i) = 4 + 7*i**2 + 8*i - 12*i + 0*i**2 - 19. Let w be b(-10). Let g = -473 + w. What is the hundreds digit of g?
2
Suppose -3*x = -4*v, 3*v + 2*x = 8*v. Let l(k) = k**2 - 2*k + 161. What is the tens digit of l(v)?
6
Let g(x) = x**2 + 9*x - 5. Let h = 89 - 84. Suppose -5*b - 55 = -h*t, -b - 9 + 2 = 3*t. What is the units digit of g(b)?
5
Suppose -4*o + 3*a = -170199, -2*o + 50485 = -3*a - 34616. What is the tens digit of o?
4
Suppose 24*c - 21 = 17*c. What is the hundreds digit of 851/3 - ((-10)/c - -4)?
2
Suppose -v + 3*u + 131 = 7*u, -4*v + 506 = -2*u. Let z = v + 880. What is the hundreds digit of z?
0
Suppose -40*j = -7*j - 189651. What is the units digit of j?
7
Let l = -369 - -227. Let y = 370 + l. What is the hundreds digit of y?
2
Let k(o) be the third derivative of 31*o**4/12 + 67*o**3/3 + 3*o**2. What is the tens digit of k(6)?
0
Suppose -5*c - 6 = -56. Suppose -12*p + c*p = -4. What is the units digit of p?
2
Let q be 1/2 + (-1)/((-6)/27). Suppose 776 = 4*l - 3*d, 0 = l - q*l + 4*d + 772. What is the units digit of l?
7
Suppose -43*x + 45*x - 4280 = 0. Let b = x - 1518. What is the tens digit of b?
2
Let x = -52 - -56. Suppose 3*i + 75 = 3*b, x*b - 2*b = -2*i + 62. Suppose -44 = -y - b. What is the tens digit of y?
1
Let f be (31 + -16)*(0 - 2/5). What is the hundreds digit of (-633)/f + 15/6?
1
Let z = -56 - -50. Let x be ((-832)/(-6) - 6) + 4/z. What is the units digit of 1*(-7)/21*x/(-2)?
2
Suppose 16*o + 166 = 7462. Let g = 782 - o. What is the hundreds digit of g?
3
Let b(i) = 1929*i**2 - 113*i + 24. What is the thousands digit of b(5)?
7
What is the units digit of -109*2/(6/(-969)) + 1110/(-185)?
1
Let u be (-4 + (-2 - -7))*498. Suppose -2*g + 4928 = 5*x + u, 0 = x + 4*g - 886. What is the units digit of x?
6
Let d = 4798 + 2036. What is the tens digit of d?
3
Let q be (-110)/(6 + 294/(-48)). Suppose q = -33*j + 38*j. What is the units digit of j?
6
Suppose -153*k - 20 = -148*k. Let u = k + 60. Wh